 Suppose 4*x + 2*q - j = -3340, 5*x - 2*q = 19675. Is x prime?
False
Let b(t) = -2047*t**3 - 2*t**2 + 5. Let w be b(-2). Suppose w = 5*p + 5628. Is p prime?
False
Suppose -3*o = -2*w - 3, 2*o = -2*w + 16 - 4. Is ((-12185)/w)/((-2)/6) prime?
False
Let o(m) be the second derivative of -1/2*m**2 + 5/3*m**3 + 0 + 20*m + 1/6*m**4. Is o(9) prime?
True
Let t = 46 + -76. Let f = -22 - t. Suppose -63 = 5*k - f*k. Is k a composite number?
True
Suppose 0 = -62*k + 64*k - 118694. Is k composite?
True
Let v(p) = p**3 - 3*p**2 - 2*p + 8. Let d be v(2). Suppose d*i = i - 3*x - 13, 0 = -5*x - 20. Is (-2)/2*(i - (-3 - -113)) composite?
False
Let a be (-15)/9*(-5 - -2). Suppose 5*x - a = 10. Suppose -5*i = 5*d - 0*d - 690, -x*d = i - 136. Is i prime?
True
Let z(l) = 208*l**2 + 35*l - 91. Is z(8) a prime number?
False
Let i = -26 + 29. Suppose -5*n = -i*n - 9*n. Suppose -4*h + 2*r + 812 = -n*h, -2*h + 418 = 2*r. Is h a composite number?
True
Suppose 3*s + 34 = -4*p + 3, 26 = -2*p + 2*s. Let l be (p/(-4))/(599/150 - 4). Let q = l + 880. Is q a composite number?
True
Suppose -a = 3*r - 257, -185 - 76 = -3*r - 3*a. Suppose 0 = -l - 2*g + 30, 158*g - 161*g - 109 = -4*l. Suppose -27*d = -l*d + r. Is d a composite number?
True
Let m = 251 - 254. Is (-14 - (-4 + m)) + 4194 composite?
True
Let z(i) = 3076*i**2 - 101*i + 488. Is z(5) a prime number?
True
Let b(r) = r**3 + 2*r**2 + 26*r - 38. Suppose -4*g + 86 = -2*l, 2*g - 2*l + 4*l = 40. Is b(g) prime?
True
Let b = 38245 - 25047. Let n = b + -5189. Is n a prime number?
True
Let b be (5 - (9 - 2))*1. Is (-77414)/(-8) - b/8 composite?
False
Let f(n) be the first derivative of -517*n**2/2 + 118*n + 118. Is f(-19) a composite number?
False
Let m(r) = 6 - 4*r + 1 + 12*r + r - r. Suppose z = 2*a + 5, 7*z - 21 = 4*z + 3*a. Is m(z) a composite number?
False
Let p(v) = -20*v - 4*v - 15*v - 14 - 3 + v**2. Let c be p(18). Is ((-2)/1)/(10/c) a composite number?
False
Let v = 92 - 90. Let g be ((-13048)/(-20))/(2*3/30). Suppose d = -5*i + g, i + 0*i - v*d = 659. Is i a prime number?
True
Let d(p) = -1886*p + 1437. Is d(-31) a prime number?
False
Let y = -27639 - -40798. Is y prime?
True
Suppose 10 = 8*d - 3*d. Suppose 10 = -5*k, 10*k = d*r + 5*k - 17508. Is r prime?
False
Is 28/(-5)*5/(-6)*245046/4 prime?
False
Let f(y) = -376676*y + 163. Is f(-3) a composite number?
False
Let u = 6975 + -3476. Let i = u + -1986. Is i a prime number?
False
Let i = -515 + 552. Suppose -i*q = -705712 - 57783. Is q a composite number?
True
Suppose 7*y - 8 = 6. Suppose -6 = y*t - 20. Suppose 2553 = 10*z - t*z. Is z composite?
True
Suppose -284 = 2*k + 2. Let j = k + 146. Is j/12*-2 - (-5446)/4 composite?
False
Let w(p) = 2490*p**2 + 10*p + 3. Let q(r) = -12451*r**2 - 51*r - 14. Let u(l) = 2*q(l) + 11*w(l). Is u(-3) prime?
False
Suppose -4*m = 2*k - 970868, -2*m - 23*k + 19*k + 485458 = 0. Is m a composite number?
False
Suppose 0 = 4*o + z - 205, -3*o - 2*o + 272 = -4*z. Suppose -4*q + 29 = 3*v, 5*v + 4*q - o = q. Suppose v*p = 16*p - 11425. Is p prime?
False
Is 1/6 + ((-18)/12 - (-8840993)/69) a composite number?
True
Suppose -9*n + 1816493 = -1146613. Is n a composite number?
True
Is -1*(-30017)/(-26)*-2 a composite number?
False
Let m = -103394 - -154864. Is (4/(-10))/((-4)/m) prime?
True
Suppose -34*a - 531 = -31*a. Let m = 836 + a. Is m a composite number?
False
Let d be (-2)/(-7 + 138/18). Is 288841/56 + (-4)/(-35 - d) prime?
False
Is (128/176 + 1)*89221 prime?
False
Is 131852 - 44*4/(-16) a composite number?
True
Let c(t) = -615*t**3 + 12*t**2 + 16*t + 7. Let v be c(-3). Suppose 5*s - v = 26963. Is s a prime number?
False
Let r be (4 + 8/(-4))*10/4. Let j(p) = p**3 - 7*p**2 + 10*p + 4. Let t be j(r). Suppose t = 4*m, 5*u = -4*m + 9*m + 30. Is u a composite number?
False
Let n be ((-16)/(-36))/(3*(-6)/(-891)). Let y = -5814 + 10789. Suppose 0 = -n*m + 27*m - y. Is m prime?
False
Suppose -o + 7 = 2. Suppose -28*s + 33*s = 4*b - 2, 2*s + 5*b - 19 = 0. Suppose a - o = 0, j - 1245 = -4*j + s*a. Is j a prime number?
True
Suppose -5*s + 3*t = -31157, -s - t + 1250 = -4975. Let h = 8730 - s. Is h prime?
False
Let m = 111355 + -54306. Is m prime?
False
Suppose -30 = -11*v + 80. Suppose 0 = 5*c + v, -8934 = -5*k + 2*c + 5235. Is k prime?
True
Suppose -305979 = 70*d - 75*d - 4*q, d - 61196 = -q. Is d a composite number?
True
Let x(s) = 874*s + 185. Is x(27) prime?
False
Suppose 0 = -5*u - 3*p - 57608, u - 5*p + 9138 = -2378. Let o = -6348 - u. Is o a prime number?
False
Let z be ((-9)/(-6))/((-6)/(-12)). Suppose 4*b - 12 = -3*n - 0, z*n - 3 = -b. Suppose n*u + u + 56 = 4*w, 56 = 4*w + 5*u. Is w a prime number?
False
Suppose 59467 = 3*v - 4*d, -27*v = -29*v - 4*d + 39598. Is v prime?
True
Suppose -74*x + 106*x = 3282664 + 5444472. Is x prime?
False
Suppose -5*v + 4*f - 45 = f, -5*v - 5 = 5*f. Is 7/(-126)*3 + (-29335)/v composite?
False
Let f(t) = -37*t + 253. Let z be f(40). Let h = 14214 - z. Is h composite?
True
Suppose l - 11 = 2*o, 2*l = l - 2*o - 1. Suppose 2*v + 28265 = 3*i, -3*v = -l*i - 6*v + 47102. Suppose 4*p - 9431 = -0*q - q, -4*p = 3*q - i. Is p composite?
True
Let x(r) = -29*r - 5. Let p be x(1). Let i = -28 - p. Suppose 0 = m - 4*j - 1117, -4*j = i*m - m - 5585. Is m prime?
True
Suppose 0 = 3*y - 4*w - 38, -76 = -4*y - 3*w + 2*w. Suppose -9*q = -0 - y. Is (296/(-24))/(q/(-18)) a prime number?
False
Let f = -581 - -588. Suppose 6*k - f*k + 1777 = 0. Is k prime?
True
Let u = 277 + -736. Suppose -t - 109 = 541. Let a = u - t. Is a composite?
False
Let c(z) = -20*z**2 - 6*z + 4. Let s(j) = j**2 - j + 1. Let d(f) = c(f) - 6*s(f). Let v be d(1). Is (-15604)/v + 4/(-14) a composite number?
False
Suppose 2*w - 7 = -2*d + 9, 3*w = -4*d + 28. Suppose 29948 = 3*f + 4*o - 27532, 76612 = w*f - 4*o. Suppose f = 7*c + 5849. Is c prime?
True
Let x = 405592 + -192891. Is x a composite number?
False
Let i(o) = 8236*o**2 + 10*o - 7. Is i(-5) a composite number?
True
Let i(l) be the first derivative of 14*l**2 + 10*l + 1. Let r = -10667 + 10671. Is i(r) composite?
True
Let s = 109252 + 329470. Is s a prime number?
False
Let x = 367000 + -177891. Is x a composite number?
True
Let x(g) = -2443*g - 64. Let o = 131 + -136. Is x(o) a composite number?
True
Suppose b = 3*b - 2*l - 10, -2 = -2*b + 4*l. Suppose -6*m + b*m - 18 = 0. Suppose 0 = -0*j + m*j - 402. Is j composite?
False
Suppose 0 = 3*q - 9700 + 3592. Let d = 3967 - q. Is d prime?
True
Let m(o) be the first derivative of 0*o + 13 - 853/2*o**2. Is m(-1) composite?
False
Let c(l) be the second derivative of 17/2*l**2 + 7/6*l**3 - 38*l - 1/20*l**5 - 1/2*l**4 + 0. Is c(-12) a composite number?
False
Suppose 0 = -7*d - 5450276 + 24693822. Is d composite?
True
Let f(p) = 34*p**2 - 9*p + 4. Let a be (14 + -29)/(-1 + -2). Is f(a) a composite number?
False
Is ((-11)/(-22)*28370 - -6) + 6 + 0 a prime number?
True
Is 1 - ((-63)/((-81)/9) - 73346/2) a composite number?
True
Suppose 15 = -7*u + 2*u, -4*u = -2*b. Let d(v) = v**3 + 8*v**2 + v - 1. Is d(b) prime?
False
Let x(k) = -k**2 + k. Let d(f) = -1093*f**2 + 5*f + 1. Let h(i) = -d(i) + 2*x(i). Is h(1) prime?
True
Suppose -148 = -2*l + 5*u, 5*u - 2*u = -l + 52. Let s = -39 + l. Is ((-12)/5)/((-10)/s) composite?
True
Let t = -38 + 42. Suppose -3*h - t = -6*h - 4*z, -24 = -5*h + 2*z. Suppose 2*l = 3*c + 388, 0 = c - h*c - 6. Is l composite?
False
Suppose -3*m + 5 = 5. Suppose -4*s + 7*s + 12 = m. Is 2/(3/(-15126)*s) prime?
True
Suppose -m = m - 16. Let l be (1 + -1)/((-4)/m*2). Suppose -4*p + 8*p - 4036 = l. Is p composite?
False
Let o(s) = -47*s**2 + 6*s + 7. Let v be o(-3). Suppose -r = -4*k + 299, k + k = -4. Let g = r - v. Is g a prime number?
True
Suppose -9*o = -3176 - 8497. Let u = o + -810. Is u a prime number?
True
Let k = -352945 - -1151174. Is k composite?
True
Suppose 138*f = -6*q + 143*f + 4005282, -3*q - 4*f + 2002641 = 0. Is q a composite number?
False
Let q be 24342/12*(5 + -21)/(-4). Let y = 22728 - q. Is y a prime number?
False
Let n(g) = 4258*g**2 - 104*g - 333. Is n(-8) a prime number?
False
Let n = 362542 + -19919. Is n prime?
False
Let u be -1 + (-4)/8*-18 + -3. Let s(d) = 94*d + 104*d + 158*d + u. Is s(2) a prime number?
False
Suppose -4*p = -i + 21, 3*i + 3 = -2*p + 10. Let y(w) = 199*w**2 - 2*w + 22. Is y(i) a composite number?
False
Let d = -